[INFO] cloning repository https://github.com/StephanHeijl/global-supertrees
[INFO] running `Command { std: "git" "-c" "credential.helper=" "-c" "credential.helper=/workspace/cargo-home/bin/git-credential-null" "clone" "--bare" "https://github.com/StephanHeijl/global-supertrees" "/workspace/cache/git-repos/https%3A%2F%2Fgithub.com%2FStephanHeijl%2Fglobal-supertrees", kill_on_drop: false }`
[INFO] [stderr] Cloning into bare repository '/workspace/cache/git-repos/https%3A%2F%2Fgithub.com%2FStephanHeijl%2Fglobal-supertrees'...
[INFO] running `Command { std: "git" "rev-parse" "HEAD", kill_on_drop: false }`
[INFO] [stdout] 60f3ba049bd818be391b122113e956c8fcf55339
[INFO] checking StephanHeijl/global-supertrees against master#e6e4f7ed1589e03bc2f6c5931c1a72e7947e8682 for beta-170-4
[INFO] running `Command { std: "git" "clone" "/workspace/cache/git-repos/https%3A%2F%2Fgithub.com%2FStephanHeijl%2Fglobal-supertrees" "/workspace/builds/worker-0-tc2/source", kill_on_drop: false }`
[INFO] [stderr] Cloning into '/workspace/builds/worker-0-tc2/source'...
[INFO] [stderr] done.
[INFO] validating manifest of git repo https://github.com/StephanHeijl/global-supertrees on toolchain e6e4f7ed1589e03bc2f6c5931c1a72e7947e8682
[INFO] running `Command { std: CARGO_HOME="/workspace/cargo-home" RUSTUP_HOME="/workspace/rustup-home" "/workspace/cargo-home/bin/cargo" "+e6e4f7ed1589e03bc2f6c5931c1a72e7947e8682" "metadata" "--manifest-path" "Cargo.toml" "--no-deps", kill_on_drop: false }`
[INFO] started tweaking git repo https://github.com/StephanHeijl/global-supertrees
[INFO] finished tweaking git repo https://github.com/StephanHeijl/global-supertrees
[INFO] tweaked toml for git repo https://github.com/StephanHeijl/global-supertrees written to /workspace/builds/worker-0-tc2/source/Cargo.toml
[INFO] crate git repo https://github.com/StephanHeijl/global-supertrees already has a lockfile, it will not be regenerated
[INFO] running `Command { std: CARGO_HOME="/workspace/cargo-home" RUSTUP_HOME="/workspace/rustup-home" "/workspace/cargo-home/bin/cargo" "+e6e4f7ed1589e03bc2f6c5931c1a72e7947e8682" "fetch" "--manifest-path" "Cargo.toml", kill_on_drop: false }`
[INFO] running `Command { std: "docker" "create" "-v" "/var/lib/crater-agent-workspace/builds/worker-0-tc2/target:/opt/rustwide/target:rw,Z" "-v" "/var/lib/crater-agent-workspace/builds/worker-0-tc2/source:/opt/rustwide/workdir:ro,Z" "-v" "/var/lib/crater-agent-workspace/cargo-home:/opt/rustwide/cargo-home:ro,Z" "-v" "/var/lib/crater-agent-workspace/rustup-home:/opt/rustwide/rustup-home:ro,Z" "-e" "SOURCE_DIR=/opt/rustwide/workdir" "-e" "CARGO_TARGET_DIR=/opt/rustwide/target" "-e" "CARGO_HOME=/opt/rustwide/cargo-home" "-e" "RUSTUP_HOME=/opt/rustwide/rustup-home" "-w" "/opt/rustwide/workdir" "-m" "1610612736" "--user" "0:0" "--network" "none" "ghcr.io/rust-lang/crates-build-env/linux@sha256:19e73879b68f455e41552ea35293514db52ea292d993f571636dbffedb77a1ee" "/opt/rustwide/cargo-home/bin/cargo" "+e6e4f7ed1589e03bc2f6c5931c1a72e7947e8682" "metadata" "--no-deps" "--format-version=1", kill_on_drop: false }`
[INFO] [stdout] 2e728d3d66e1bc91c6f075ff979e7720a5a26b652d0d7129763e6caf1128d337
[INFO] running `Command { std: "docker" "start" "-a" "2e728d3d66e1bc91c6f075ff979e7720a5a26b652d0d7129763e6caf1128d337", kill_on_drop: false }`
[INFO] running `Command { std: "docker" "inspect" "2e728d3d66e1bc91c6f075ff979e7720a5a26b652d0d7129763e6caf1128d337", kill_on_drop: false }`
[INFO] running `Command { std: "docker" "rm" "-f" "2e728d3d66e1bc91c6f075ff979e7720a5a26b652d0d7129763e6caf1128d337", kill_on_drop: false }`
[INFO] [stdout] 2e728d3d66e1bc91c6f075ff979e7720a5a26b652d0d7129763e6caf1128d337
[INFO] running `Command { std: "docker" "create" "-v" "/var/lib/crater-agent-workspace/builds/worker-0-tc2/target:/opt/rustwide/target:rw,Z" "-v" "/var/lib/crater-agent-workspace/builds/worker-0-tc2/source:/opt/rustwide/workdir:ro,Z" "-v" "/var/lib/crater-agent-workspace/cargo-home:/opt/rustwide/cargo-home:ro,Z" "-v" "/var/lib/crater-agent-workspace/rustup-home:/opt/rustwide/rustup-home:ro,Z" "-e" "SOURCE_DIR=/opt/rustwide/workdir" "-e" "CARGO_TARGET_DIR=/opt/rustwide/target" "-e" "CARGO_INCREMENTAL=0" "-e" "RUST_BACKTRACE=full" "-e" "RUSTFLAGS=--cap-lints=forbid" "-e" "RUSTDOCFLAGS=--cap-lints=forbid" "-e" "CARGO_HOME=/opt/rustwide/cargo-home" "-e" "RUSTUP_HOME=/opt/rustwide/rustup-home" "-w" "/opt/rustwide/workdir" "-m" "1610612736" "--user" "0:0" "--network" "none" "ghcr.io/rust-lang/crates-build-env/linux@sha256:19e73879b68f455e41552ea35293514db52ea292d993f571636dbffedb77a1ee" "/opt/rustwide/cargo-home/bin/cargo" "+e6e4f7ed1589e03bc2f6c5931c1a72e7947e8682" "check" "--frozen" "--all" "--all-targets" "--message-format=json", kill_on_drop: false }`
[INFO] [stdout] 1b7015e1a8359ebe900f257d8fac5eec22dd0279a8df88841b75adaa50808f01
[INFO] running `Command { std: "docker" "start" "-a" "1b7015e1a8359ebe900f257d8fac5eec22dd0279a8df88841b75adaa50808f01", kill_on_drop: false }`
[INFO] [stderr]    Compiling proc-macro2 v1.0.6
[INFO] [stderr]    Compiling unicode-xid v0.2.0
[INFO] [stderr]    Compiling syn v1.0.5
[INFO] [stderr]    Compiling libc v0.2.65
[INFO] [stderr]    Compiling memchr v2.2.1
[INFO] [stderr]    Compiling serde v1.0.101
[INFO] [stderr]     Checking crossbeam-utils v0.6.6
[INFO] [stderr]    Compiling memoffset v0.5.1
[INFO] [stderr]    Compiling num-traits v0.2.8
[INFO] [stderr]    Compiling ryu v1.0.2
[INFO] [stderr]     Checking scopeguard v1.0.0
[INFO] [stderr]    Compiling thread_local v0.3.6
[INFO] [stderr]     Checking crossbeam-epoch v0.7.2
[INFO] [stderr]    Compiling regex-syntax v0.6.12
[INFO] [stderr]    Compiling itoa v0.4.4
[INFO] [stderr]    Compiling getrandom v0.1.12
[INFO] [stderr]    Compiling quote v1.0.2
[INFO] [stderr]    Compiling aho-corasick v0.7.6
[INFO] [stderr]    Compiling rayon-core v1.6.0
[INFO] [stderr]     Checking num_cpus v1.10.1
[INFO] [stderr]     Checking crossbeam-deque v0.7.1
[INFO] [stderr]     Checking crossbeam-queue v0.1.2
[INFO] [stderr]    Compiling num-integer v0.1.41
[INFO] [stderr]    Compiling num-complex v0.2.3
[INFO] [stderr]    Compiling version_check v0.9.1
[INFO] [stderr]     Checking either v1.5.3
[INFO] [stderr]    Compiling unindent v0.1.5
[INFO] [stderr]     Checking rawpointer v0.2.1
[INFO] [stderr]    Compiling byteorder v1.3.2
[INFO] [stderr]     Checking ppv-lite86 v0.2.5
[INFO] [stderr]    Compiling ndarray v0.13.0
[INFO] [stderr]     Checking rayon v1.2.0
[INFO] [stderr]     Checking matrixmultiply v0.2.3
[INFO] [stderr]     Checking c2-chacha v0.2.2
[INFO] [stderr]     Checking rand_core v0.5.1
[INFO] [stderr]     Checking itertools v0.8.0
[INFO] [stderr]    Compiling bincode v1.2.0
[INFO] [stderr]     Checking rand_chacha v0.2.1
[INFO] [stderr]    Compiling regex v1.3.1
[INFO] [stderr]     Checking fixedbitset v0.1.9
[INFO] [stderr]     Checking ordermap v0.3.5
[INFO] [stderr]     Checking rand v0.7.2
[INFO] [stderr]     Checking petgraph v0.4.13
[INFO] [stderr]     Checking half v1.4.0
[INFO] [stderr]    Compiling pyo3-derive-backend v0.8.1
[INFO] [stderr]    Compiling serde_derive v1.0.101
[INFO] [stderr]    Compiling proc-macro-hack v0.5.11
[INFO] [stderr]    Compiling ghost v0.1.1
[INFO] [stderr]    Compiling ctor v0.1.12
[INFO] [stderr]    Compiling inventory-impl v0.1.4
[INFO] [stderr]     Checking inventory v0.1.4
[INFO] [stderr]    Compiling pyo3cls v0.8.1
[INFO] [stderr]    Compiling indoc-impl v0.3.4
[INFO] [stderr]    Compiling paste-impl v0.1.6
[INFO] [stderr]     Checking indoc v0.3.4
[INFO] [stderr]     Checking paste v0.1.6
[INFO] [stderr]    Compiling serde_json v1.0.41
[INFO] [stderr]    Compiling pyo3 v0.8.1
[INFO] [stderr]     Checking numpy v0.7.0
[INFO] [stderr]     Checking global-supertrees v0.1.0 (/opt/rustwide/workdir)
[INFO] [stdout] error[E0412]: cannot find type `NoneError` in module `std::option`
[INFO] [stdout]    --> src/graph_tree.rs:118:116
[INFO] [stdout]     |
[INFO] [stdout] 118 |     fn _get_parent_node(graph : &Graph<String, f32>, node : NodeIndex<u32>) -> Result<NodeIndex<u32>, std::option::NoneError> {
[INFO] [stdout]     |                                                                                                                    ^^^^^^^^^ not found in `std::option`
[INFO] [stdout] 
[INFO] [stdout] 
[INFO] [stdout] error[E0412]: cannot find type `NoneError` in module `std::option`
[INFO] [stdout]    --> src/graph_tree.rs:129:97
[INFO] [stdout]     |
[INFO] [stdout] 129 |     pub fn get_parent_node(&self, node : NodeIndex<u32>) -> Result<NodeIndex<u32>, std::option::NoneError> {
[INFO] [stdout]     |                                                                                                 ^^^^^^^^^ not found in `std::option`
[INFO] [stdout] 
[INFO] [stdout] 
[INFO] [stdout] warning: unnecessary parentheses around index expression
[INFO] [stdout]    --> src/neighbour_joining.rs:222:48
[INFO] [stdout]     |
[INFO] [stdout] 222 |         graph.add_edge(node_index(0), branches[(branches.len() - 1)], f32::NAN);
[INFO] [stdout]     |                                                ^                  ^
[INFO] [stdout]     |
[INFO] [stdout]     = note: `#[warn(unused_parens)]` on by default
[INFO] [stdout] help: remove these parentheses
[INFO] [stdout]     |
[INFO] [stdout] 222 -         graph.add_edge(node_index(0), branches[(branches.len() - 1)], f32::NAN);
[INFO] [stdout] 222 +         graph.add_edge(node_index(0), branches[branches.len() - 1], f32::NAN);
[INFO] [stdout]     |
[INFO] [stdout] 
[INFO] [stdout] 
[INFO] [stdout] error[E0635]: unknown feature `try_trait`
[INFO] [stdout]  --> src/lib.rs:1:12
[INFO] [stdout]   |
[INFO] [stdout] 1 | #![feature(try_trait)]
[INFO] [stdout]   |            ^^^^^^^^^
[INFO] [stdout] 
[INFO] [stdout] 
[INFO] [stdout] error[E0412]: cannot find type `NoneError` in module `std::option`
[INFO] [stdout]    --> src/graph_tree.rs:118:116
[INFO] [stdout]     |
[INFO] [stdout] 118 |     fn _get_parent_node(graph : &Graph<String, f32>, node : NodeIndex<u32>) -> Result<NodeIndex<u32>, std::option::NoneError> {
[INFO] [stdout]     |                                                                                                                    ^^^^^^^^^ not found in `std::option`
[INFO] [stdout] 
[INFO] [stdout] 
[INFO] [stdout] error[E0412]: cannot find type `NoneError` in module `std::option`
[INFO] [stdout]    --> src/graph_tree.rs:129:97
[INFO] [stdout]     |
[INFO] [stdout] 129 |     pub fn get_parent_node(&self, node : NodeIndex<u32>) -> Result<NodeIndex<u32>, std::option::NoneError> {
[INFO] [stdout]     |                                                                                                 ^^^^^^^^^ not found in `std::option`
[INFO] [stdout] 
[INFO] [stdout] 
[INFO] [stdout] warning: unnecessary parentheses around index expression
[INFO] [stdout]    --> src/neighbour_joining.rs:222:48
[INFO] [stdout]     |
[INFO] [stdout] 222 |         graph.add_edge(node_index(0), branches[(branches.len() - 1)], f32::NAN);
[INFO] [stdout]     |                                                ^                  ^
[INFO] [stdout]     |
[INFO] [stdout]     = note: `#[warn(unused_parens)]` on by default
[INFO] [stdout] help: remove these parentheses
[INFO] [stdout]     |
[INFO] [stdout] 222 -         graph.add_edge(node_index(0), branches[(branches.len() - 1)], f32::NAN);
[INFO] [stdout] 222 +         graph.add_edge(node_index(0), branches[branches.len() - 1], f32::NAN);
[INFO] [stdout]     |
[INFO] [stdout] 
[INFO] [stdout] 
[INFO] [stdout] error[E0635]: unknown feature `try_trait`
[INFO] [stdout]  --> src/lib.rs:1:12
[INFO] [stdout]   |
[INFO] [stdout] 1 | #![feature(try_trait)]
[INFO] [stdout]   |            ^^^^^^^^^
[INFO] [stdout] 
[INFO] [stdout] 
[INFO] [stdout] error: aborting due to 3 previous errors; 1 warning emitted
[INFO] [stdout] 
[INFO] [stdout] 
[INFO] [stdout] Some errors have detailed explanations: E0412, E0635.
[INFO] [stdout] 
[INFO] [stdout] For more information about an error, try `rustc --explain E0412`.
[INFO] [stdout] 
[INFO] [stderr] error: could not compile `global-supertrees` (lib) due to 4 previous errors; 1 warning emitted
[INFO] [stderr] warning: build failed, waiting for other jobs to finish...
[INFO] [stdout] error: aborting due to 3 previous errors; 1 warning emitted
[INFO] [stdout] 
[INFO] [stdout] 
[INFO] [stdout] Some errors have detailed explanations: E0412, E0635.
[INFO] [stdout] 
[INFO] [stdout] For more information about an error, try `rustc --explain E0412`.
[INFO] [stdout] 
[INFO] [stderr] error: could not compile `global-supertrees` (lib test) due to 4 previous errors; 1 warning emitted
[INFO] running `Command { std: "docker" "inspect" "1b7015e1a8359ebe900f257d8fac5eec22dd0279a8df88841b75adaa50808f01", kill_on_drop: false }`
[INFO] running `Command { std: "docker" "rm" "-f" "1b7015e1a8359ebe900f257d8fac5eec22dd0279a8df88841b75adaa50808f01", kill_on_drop: false }`
[INFO] [stdout] 1b7015e1a8359ebe900f257d8fac5eec22dd0279a8df88841b75adaa50808f01
